{"id":316,"date":"2020-11-29T21:19:18","date_gmt":"2020-11-29T20:19:18","guid":{"rendered":"http:\/\/botanicnivrt.um.si\/?page_id=316"},"modified":"2026-03-30T08:06:05","modified_gmt":"2026-03-30T06:06:05","slug":"splosne-informacije","status":"publish","type":"page","link":"http:\/\/botanicnivrt.um.si\/?page_id=316","title":{"rendered":"Splo\u0161ne informacije"},"content":{"rendered":"\t\t<div data-elementor-type=\"wp-page\" data-elementor-id=\"316\" class=\"elementor elementor-316\" data-elementor-settings=\"[]\">\n\t\t\t\t\t\t<div class=\"elementor-inner\">\n\t\t\t\t\t\t\t<div class=\"elementor-section-wrap\">\n\t\t\t\t\t\t\t<section class=\"elementor-section elementor-top-section elementor-element elementor-element-ea5e563 elementor-section-boxed elementor-section-height-default elementor-section-height-default\" data-id=\"ea5e563\" data-element_type=\"section\">\n\t\t\t\t\t\t<div class=\"elementor-container elementor-column-gap-default\">\n\t\t\t\t\t\t\t<div class=\"elementor-row\">\n\t\t\t\t\t<div class=\"elementor-column elementor-col-100 elementor-top-column elementor-element elementor-element-ccdaf1e\" data-id=\"ccdaf1e\" data-element_type=\"column\">\n\t\t\t<div class=\"elementor-column-wrap elementor-element-populated\">\n\t\t\t\t\t\t\t<div class=\"elementor-widget-wrap\">\n\t\t\t\t\t\t<div class=\"elementor-element elementor-element-bca88b3 elementor-widget elementor-widget-text-editor\" data-id=\"bca88b3\" data-element_type=\"widget\" data-widget_type=\"text-editor.default\">\n\t\t\t\t<div class=\"elementor-widget-container\">\n\t\t\t\t\t\t\t\t<div class=\"elementor-text-editor elementor-clearfix\">\n\t\t\t\t<h5><strong>OBRATOVALNI \u010cAS<\/strong><\/h5><ul><li><strong>24. marec \u2013 september<\/strong><br \/>Od ponedeljka do nedelje od 9.00 do 19.00.<\/li><li><strong>oktober<\/strong><br \/>Od ponedeljka do nedelje od 9.00 do 18.00.<\/li><li><strong>november, december<\/strong><br \/>Od ponedeljka do sobote od 9.00 do 16.00. Nedelje zaprto.<\/li><li><strong>januar do 24. marca<\/strong><br \/>Ogled vrta je mo\u017een v odpiralnem \u010dasu prodajalne na vhodu.<\/li><\/ul><p>Botani\u010dni vrt si pridr\u017euje pravico, da lahko kadarkoli zapre vrt zaradi nepredvidljivih dogodkov, ki bi lahko na kakr\u0161enkoli na\u010din ogro\u017eali varnost obiskovalcev vrta.<\/p><h5><a href=\"https:\/\/meranovo.si\/prodajna-mesta\/#botanicni-vrt\">DELOVNI \u010cAS PRODAJNEGA CENTRA<\/a><\/h5><h5>KONTAKT<\/h5><p>Botani\u010dni vrt UM<br \/>Blagajna: 051 696 272<br \/>Prireditve: 031 310 330<br \/>Vodenja: 031 592 162<br \/>Elektronska po\u0161ta: botanicni.vrt@um.si<\/p><h5><strong>NASLOV<\/strong><\/h5><p>Botani\u010dni vrt Univerze v Mariboru<\/p><p>Za po\u0161to: Pivola 10, 2311 Ho\u010de<\/p><p>Za obisk: Pivola 90a, Ho\u010de<\/p><h5><strong>NAVODILA POTI<\/strong><\/h5><p>Iz smeri Ljubljana \u2013 Maribor: avtocesta LJ &#8211; MB, izvoz Maribor jug, nadaljujete proti Mariboru, na semaforiziranem kri\u017ei\u0161\u010du v Ho\u010dah zavijete levo (smer Areh, Pohorje), naravnost skozi rondo in prvi odcep desno. Sledite oznakam za botani\u010dni vrt in \u010dez pribli\u017eno 1 km boste na levi strani ceste zagledali parkiri\u0161\u010de pred vhodom v vrt.<\/p><p>Botani\u010dni vrt lahko obi\u0161\u010dete na naslovu: Pivola 90a, 2311 Ho\u010de<\/p><h5><strong>AVTOBUSNI PREVOZ<\/strong><\/h5><p>Botani\u010dni vrt Univerze v Mariboru lahko obi\u0161\u010dete z avtobusom mestnega potni\u0161kega prometa mesta Maribor &#8211; Linija P11. <a href=\"https:\/\/www.marprom.si\/koda-linije\/p11-nova\/\">Klikni tukaj za vozni red.<\/a><\/p><h5>ZEMLJEVID<\/h5>\t\t\t\t\t<\/div>\n\t\t\t\t\t\t<\/div>\n\t\t\t\t<\/div>\n\t\t\t\t<div class=\"elementor-element elementor-element-5f51825 elementor-widget elementor-widget-google_maps\" data-id=\"5f51825\" data-element_type=\"widget\" data-widget_type=\"google_maps.default\">\n\t\t\t\t<div class=\"elementor-widget-container\">\n\t\t\t\t\t<div class=\"elementor-custom-embed\">\n\t\t\t<iframe frameborder=\"0\" scrolling=\"no\" marginheight=\"0\" marginwidth=\"0\"\n\t\t\t\t\tsrc=\"https:\/\/maps.google.com\/maps?q=Pivola%2091a%2C%20Ho%C4%8De&#038;t=m&#038;z=15&#038;output=embed&#038;iwloc=near\"\n\t\t\t\t\ttitle=\"Pivola 91a, Ho\u010de\"\n\t\t\t\t\taria-label=\"Pivola 91a, Ho\u010de\"\n\t\t\t><\/iframe>\n\t\t<\/div>\n\t\t\t\t<\/div>\n\t\t\t\t<\/div>\n\t\t\t\t\t\t<\/div>\n\t\t\t\t\t<\/div>\n\t\t<\/div>\n\t\t\t\t\t\t\t\t<\/div>\n\t\t\t\t\t<\/div>\n\t\t<\/section>\n\t\t\t\t\t\t<\/div>\n\t\t\t\t\t\t<\/div>\n\t\t\t\t\t<\/div>\n\t\t","protected":false},"excerpt":{"rendered":"<p>OBRATOVALNI \u010cAS 24. marec \u2013 septemberOd ponedeljka do nedelje od 9.00 do 19.00. oktoberOd ponedeljka do nedelje od 9.00 do 18.00. november, decemberOd ponedeljka do sobote od 9.00 do 16.00. Nedelje zaprto. januar do 24. marcaOgled vrta je mo\u017een v odpiralnem \u010dasu prodajalne na vhodu. Botani\u010dni vrt si pridr\u017euje pravico, da lahko kadarkoli zapre vrt [&hellip;]<\/p>\n","protected":false},"author":1,"featured_media":0,"parent":0,"menu_order":0,"comment_status":"closed","ping_status":"closed","template":"","meta":{"footnotes":""},"class_list":["post-316","page","type-page","status-publish","hentry"],"_links":{"self":[{"href":"http:\/\/botanicnivrt.um.si\/index.php?rest_route=\/wp\/v2\/pages\/316","targetHints":{"allow":["GET"]}}],"collection":[{"href":"http:\/\/botanicnivrt.um.si\/index.php?rest_route=\/wp\/v2\/pages"}],"about":[{"href":"http:\/\/botanicnivrt.um.si\/index.php?rest_route=\/wp\/v2\/types\/page"}],"author":[{"embeddable":true,"href":"http:\/\/botanicnivrt.um.si\/index.php?rest_route=\/wp\/v2\/users\/1"}],"replies":[{"embeddable":true,"href":"http:\/\/botanicnivrt.um.si\/index.php?rest_route=%2Fwp%2Fv2%2Fcomments&post=316"}],"version-history":[{"count":43,"href":"http:\/\/botanicnivrt.um.si\/index.php?rest_route=\/wp\/v2\/pages\/316\/revisions"}],"predecessor-version":[{"id":3087,"href":"http:\/\/botanicnivrt.um.si\/index.php?rest_route=\/wp\/v2\/pages\/316\/revisions\/3087"}],"wp:attachment":[{"href":"http:\/\/botanicnivrt.um.si\/index.php?rest_route=%2Fwp%2Fv2%2Fmedia&parent=316"}],"curies":[{"name":"wp","href":"https:\/\/api.w.org\/{rel}","templated":true}]}}