{"id":368,"date":"2020-11-29T23:25:43","date_gmt":"2020-11-29T22:25:43","guid":{"rendered":"http:\/\/botanicnivrt.um.si\/?page_id=368"},"modified":"2025-02-21T09:19:02","modified_gmt":"2025-02-21T08:19:02","slug":"praznovanje-rojstnih-dni","status":"publish","type":"page","link":"http:\/\/botanicnivrt.um.si\/?page_id=368","title":{"rendered":"Praznovanje rojstnih dni"},"content":{"rendered":"\t\t<div data-elementor-type=\"wp-page\" data-elementor-id=\"368\" class=\"elementor elementor-368\" data-elementor-settings=\"[]\">\n\t\t\t\t\t\t<div class=\"elementor-inner\">\n\t\t\t\t\t\t\t<div class=\"elementor-section-wrap\">\n\t\t\t\t\t\t\t<section class=\"elementor-section elementor-top-section elementor-element elementor-element-2feb2c0 elementor-section-boxed elementor-section-height-default elementor-section-height-default\" data-id=\"2feb2c0\" data-element_type=\"section\">\n\t\t\t\t\t\t<div class=\"elementor-container elementor-column-gap-default\">\n\t\t\t\t\t\t\t<div class=\"elementor-row\">\n\t\t\t\t\t<div class=\"elementor-column elementor-col-100 elementor-top-column elementor-element elementor-element-eace4c9\" data-id=\"eace4c9\" data-element_type=\"column\">\n\t\t\t<div class=\"elementor-column-wrap elementor-element-populated\">\n\t\t\t\t\t\t\t<div class=\"elementor-widget-wrap\">\n\t\t\t\t\t\t<div class=\"elementor-element elementor-element-250ce3c elementor-widget elementor-widget-text-editor\" data-id=\"250ce3c\" data-element_type=\"widget\" data-widget_type=\"text-editor.default\">\n\t\t\t\t<div class=\"elementor-widget-container\">\n\t\t\t\t\t\t\t\t<div class=\"elementor-text-editor elementor-clearfix\">\n\t\t\t\t<p>V Botani\u010dnem vrtu Univerze v Mariboru lahko z otroci praznujete rojstni dan.\u00a0 Dru\u017eenje z naravo je \u0161e kako pomembno zgodaj v otro\u0161tvu, ko se\u00a0 za\u010dnejo graditi odnosi z \u00a0okoljem. Otroci v raziskovanju in igri na prostem razvijajo svobodno ustvarjalnost in motori\u010dne spretnosti veliko bolj kot na igralih in v\u00a0 igralnicah. V naravi ni noben trenutek enak. Otro\u0161ka igra je ob tem spontana, naravna. Prav tako odnos do sebe in vrstnikov, ki ga v naravi gojijo.<\/p><p>\u010ce \u017eelite, da va\u0161e otroke po vrtu popeljejo na\u0161i vodi\u010di, lahko za vas pripravimo tematsko vodenje z delavnico. Lahko pa praznovanje organizirate sami.\u00a0<\/p><p>Za pogoje najema prostora za organizacijo praznovanja rojstnega dne, pokli\u010dite na 031 310 330 ali 031 592 162, ali nam pi\u0161ite na elektronski naslov: botanicni.vrt@um.si. Termin je potrebno rezervirati najmanj 7 dni pred izbranim datumom.<\/p><p><strong>\u00a0<\/strong><\/p>\t\t\t\t\t<\/div>\n\t\t\t\t\t\t<\/div>\n\t\t\t\t<\/div>\n\t\t\t\t\t\t<\/div>\n\t\t\t\t\t<\/div>\n\t\t<\/div>\n\t\t\t\t\t\t\t\t<\/div>\n\t\t\t\t\t<\/div>\n\t\t<\/section>\n\t\t\t\t<section class=\"elementor-section elementor-top-section elementor-element elementor-element-ef2b0e6 elementor-section-boxed elementor-section-height-default elementor-section-height-default\" data-id=\"ef2b0e6\" data-element_type=\"section\">\n\t\t\t\t\t\t<div class=\"elementor-container elementor-column-gap-default\">\n\t\t\t\t\t\t\t<div class=\"elementor-row\">\n\t\t\t\t\t<div class=\"elementor-column elementor-col-100 elementor-top-column elementor-element elementor-element-fb0c931\" data-id=\"fb0c931\" data-element_type=\"column\">\n\t\t\t<div class=\"elementor-column-wrap elementor-element-populated\">\n\t\t\t\t\t\t\t<div class=\"elementor-widget-wrap\">\n\t\t\t\t\t\t<div class=\"elementor-element elementor-element-ffc54c9 elementor-arrows-position-inside elementor-pagination-position-outside elementor-widget elementor-widget-image-carousel\" data-id=\"ffc54c9\" data-element_type=\"widget\" data-settings=\"{&quot;slides_to_show&quot;:&quot;5&quot;,&quot;navigation&quot;:&quot;both&quot;,&quot;autoplay&quot;:&quot;yes&quot;,&quot;pause_on_hover&quot;:&quot;yes&quot;,&quot;pause_on_interaction&quot;:&quot;yes&quot;,&quot;autoplay_speed&quot;:5000,&quot;infinite&quot;:&quot;yes&quot;,&quot;speed&quot;:500}\" data-widget_type=\"image-carousel.default\">\n\t\t\t\t<div class=\"elementor-widget-container\">\n\t\t\t\t\t<div class=\"elementor-image-carousel-wrapper swiper-container\" dir=\"ltr\">\n\t\t\t<div class=\"elementor-image-carousel swiper-wrapper swiper-image-stretch\">\n\t\t\t\t\t\t\t\t<div class=\"swiper-slide\"><a data-elementor-open-lightbox=\"yes\" data-elementor-lightbox-slideshow=\"ffc54c9\" data-elementor-lightbox-title=\"DSC_0278\" href=\"http:\/\/botanicnivrt.um.si\/wp-content\/uploads\/2020\/11\/DSC_0278.jpg\"><figure class=\"swiper-slide-inner\"><img decoding=\"async\" class=\"swiper-slide-image\" src=\"http:\/\/botanicnivrt.um.si\/wp-content\/uploads\/2020\/11\/DSC_0278-350x250.jpg\" alt=\"DSC_0278\" \/><\/figure><\/a><\/div><div class=\"swiper-slide\"><a data-elementor-open-lightbox=\"yes\" data-elementor-lightbox-slideshow=\"ffc54c9\" data-elementor-lightbox-title=\"Voden ogled vrta_razsirjen ogled\" href=\"http:\/\/botanicnivrt.um.si\/wp-content\/uploads\/2020\/11\/Voden-ogled-vrta_razsirjen-ogled.jpg\"><figure class=\"swiper-slide-inner\"><img decoding=\"async\" class=\"swiper-slide-image\" src=\"http:\/\/botanicnivrt.um.si\/wp-content\/uploads\/2020\/11\/Voden-ogled-vrta_razsirjen-ogled-350x250.jpg\" alt=\"Voden ogled vrta_razsirjen ogled\" \/><\/figure><\/a><\/div><div class=\"swiper-slide\"><a data-elementor-open-lightbox=\"yes\" data-elementor-lightbox-slideshow=\"ffc54c9\" data-elementor-lightbox-title=\"Voden-ogled-vrta_ucne-delavnice-za-najmlajse2\" href=\"http:\/\/botanicnivrt.um.si\/wp-content\/uploads\/2020\/11\/Voden-ogled-vrta_ucne-delavnice-za-najmlajse2.jpg\"><figure class=\"swiper-slide-inner\"><img decoding=\"async\" class=\"swiper-slide-image\" src=\"http:\/\/botanicnivrt.um.si\/wp-content\/uploads\/2020\/11\/Voden-ogled-vrta_ucne-delavnice-za-najmlajse2-350x250.jpg\" alt=\"Voden-ogled-vrta_ucne-delavnice-za-najmlajse2\" \/><\/figure><\/a><\/div><div class=\"swiper-slide\"><a data-elementor-open-lightbox=\"yes\" data-elementor-lightbox-slideshow=\"ffc54c9\" data-elementor-lightbox-title=\"20220702_103007\" href=\"http:\/\/botanicnivrt.um.si\/wp-content\/uploads\/2025\/02\/20220702_103007-scaled.jpg\"><figure class=\"swiper-slide-inner\"><img decoding=\"async\" class=\"swiper-slide-image\" src=\"http:\/\/botanicnivrt.um.si\/wp-content\/uploads\/2025\/02\/20220702_103007-350x250.jpg\" alt=\"20220702_103007\" \/><\/figure><\/a><\/div><div class=\"swiper-slide\"><a data-elementor-open-lightbox=\"yes\" data-elementor-lightbox-slideshow=\"ffc54c9\" data-elementor-lightbox-title=\"Vodenje_rastlinjak\" href=\"http:\/\/botanicnivrt.um.si\/wp-content\/uploads\/2020\/11\/Vodenje_rastlinjak.jpg\"><figure class=\"swiper-slide-inner\"><img decoding=\"async\" class=\"swiper-slide-image\" src=\"http:\/\/botanicnivrt.um.si\/wp-content\/uploads\/2020\/11\/Vodenje_rastlinjak-350x250.jpg\" alt=\"Vodenje_rastlinjak\" \/><\/figure><\/a><\/div>\t\t\t<\/div>\n\t\t\t\t\t\t\t\t\t\t\t\t<div class=\"swiper-pagination\"><\/div>\n\t\t\t\t\t\t\t\t\t\t\t\t\t<div class=\"elementor-swiper-button elementor-swiper-button-prev\">\n\t\t\t\t\t\t<i class=\"eicon-chevron-left\" aria-hidden=\"true\"><\/i>\n\t\t\t\t\t\t<span class=\"elementor-screen-only\">Previous<\/span>\n\t\t\t\t\t<\/div>\n\t\t\t\t\t<div class=\"elementor-swiper-button elementor-swiper-button-next\">\n\t\t\t\t\t\t<i class=\"eicon-chevron-right\" aria-hidden=\"true\"><\/i>\n\t\t\t\t\t\t<span class=\"elementor-screen-only\">Next<\/span>\n\t\t\t\t\t<\/div>\n\t\t\t\t\t\t\t\t\t<\/div>\n\t\t\t\t<\/div>\n\t\t\t\t<\/div>\n\t\t\t\t\t\t<\/div>\n\t\t\t\t\t<\/div>\n\t\t<\/div>\n\t\t\t\t\t\t\t\t<\/div>\n\t\t\t\t\t<\/div>\n\t\t<\/section>\n\t\t\t\t\t\t<\/div>\n\t\t\t\t\t\t<\/div>\n\t\t\t\t\t<\/div>\n\t\t","protected":false},"excerpt":{"rendered":"<p>V Botani\u010dnem vrtu Univerze v Mariboru lahko z otroci praznujete rojstni dan.\u00a0 Dru\u017eenje z naravo je \u0161e kako pomembno zgodaj v otro\u0161tvu, ko se\u00a0 za\u010dnejo graditi odnosi z \u00a0okoljem. Otroci v raziskovanju in igri na prostem razvijajo svobodno ustvarjalnost in motori\u010dne spretnosti veliko bolj kot na igralih in v\u00a0 igralnicah. V naravi ni noben trenutek [&hellip;]<\/p>\n","protected":false},"author":1,"featured_media":0,"parent":0,"menu_order":0,"comment_status":"closed","ping_status":"closed","template":"","meta":{"footnotes":""},"class_list":["post-368","page","type-page","status-publish","hentry"],"_links":{"self":[{"href":"http:\/\/botanicnivrt.um.si\/index.php?rest_route=\/wp\/v2\/pages\/368","targetHints":{"allow":["GET"]}}],"collection":[{"href":"http:\/\/botanicnivrt.um.si\/index.php?rest_route=\/wp\/v2\/pages"}],"about":[{"href":"http:\/\/botanicnivrt.um.si\/index.php?rest_route=\/wp\/v2\/types\/page"}],"author":[{"embeddable":true,"href":"http:\/\/botanicnivrt.um.si\/index.php?rest_route=\/wp\/v2\/users\/1"}],"replies":[{"embeddable":true,"href":"http:\/\/botanicnivrt.um.si\/index.php?rest_route=%2Fwp%2Fv2%2Fcomments&post=368"}],"version-history":[{"count":43,"href":"http:\/\/botanicnivrt.um.si\/index.php?rest_route=\/wp\/v2\/pages\/368\/revisions"}],"predecessor-version":[{"id":2862,"href":"http:\/\/botanicnivrt.um.si\/index.php?rest_route=\/wp\/v2\/pages\/368\/revisions\/2862"}],"wp:attachment":[{"href":"http:\/\/botanicnivrt.um.si\/index.php?rest_route=%2Fwp%2Fv2%2Fmedia&parent=368"}],"curies":[{"name":"wp","href":"https:\/\/api.w.org\/{rel}","templated":true}]}}